hest common divisor of 20703 and 316725?
309
Calculate the highest common divisor of 2087227 and 46.
23
Calculate the highest common factor of 1300 and 1748825.
325
What is the highest common factor of 691086 and 169719?
1221
What is the highest common divisor of 3372535 and 1041660?
3215
Calculate the highest common factor of 28 and 722078.
14
What is the highest common divisor of 18461518 and 2404?
1202
What is the highest common divisor of 144 and 4770496?
16
What is the highest common divisor of 246666 and 3241203?
147
Calculate the greatest common factor of 70 and 40170.
10
Calculate the highest common divisor of 55 and 37582435.
55
What is the highest common factor of 3040 and 13394080?
160
Calculate the greatest common divisor of 274341762 and 27.
27
What is the highest common divisor of 13224 and 1302042?
174
Calculate the greatest common factor of 286320 and 222.
6
What is the highest common divisor of 56 and 10780028?
28
Calculate the highest common divisor of 10236036 and 2256.
564
Calculate the highest common factor of 126 and 19928223.
63
Calculate the highest common factor of 2268351 and 174.
87
What is the highest common divisor of 6 and 85580973?
3
What is the greatest common factor of 6 and 6461787?
3
What is the greatest common divisor of 80290804 and 2365?
473
What is the highest common divisor of 669 and 157809741?
669
What is the greatest common factor of 37531910 and 260?
130
Calculate the highest common divisor of 13497 and 6618438.
1227
Calculate the greatest common factor of 360 and 2041866.
18
What is the greatest common factor of 31734 and 6288498?
738
What is the highest common divisor of 1519340 and 620?
20
Calculate the highest common factor of 6028140 and 270.
30
Calculate the highest common factor of 1911 and 61191078.
39
Calculate the highest common divisor of 1459300893 and 51.
51
What is the highest common divisor of 68286 and 29712?
6
What is the greatest common divisor of 4993215 and 15?
15
What is the highest common divisor of 2053738 and 79837?
2753
What is the greatest common divisor of 4368 and 2237508?
1092
Calculate the greatest common divisor of 480764672 and 576.
64
Calculate the greatest common divisor of 920 and 3422469.
23
Calculate the highest common factor of 4508 and 909146.
98
Calculate the highest common divisor of 21620 and 39836.
92
What is the highest common factor of 13674872 and 8?
8
What is the greatest common divisor of 32954554 and 788?
394
Calculate the highest common factor of 7744 and 1675124.
484
What is the greatest common divisor of 256 and 1802512?
16
What is the greatest common divisor of 70395 and 7455201?
741
Calculate the highest common factor of 3375724 and 4.
4
What is the greatest common divisor of 96812049 and 1290?
129
Calculate the greatest common divisor of 10 and 34547360.
10
What is the highest common divisor of 59310 and 229590?
90
What is the greatest common factor of 58552505 and 3630?
605
Calculate the greatest common divisor of 725 and 1219769.
29
What is the greatest common divisor of 9057 and 334749739?
3019
What is the greatest common factor of 16725 and 1097175?
75
What is the highest common divisor of 57660 and 396242?
62
Calculate the highest common divisor of 1228041 and 639.
9
Calculate the highest common factor of 101775992 and 88.
8
Calculate the highest common factor of 47210701 and 1739.
47
Calculate the greatest common divisor of 3661773027 and 363.
363
What is the highest common factor of 5218 and 48968321?
2609
Calculate the greatest common factor of 829490 and 33136.
218
What is the highest common factor of 1718 and 265051322?
1718
What is the greatest common factor of 19985 and 1847185?
2855
What is the highest common divisor of 2 and 7109182?
2
Calculate the highest common factor of 263211 and 31824.
663
What is the highest common factor of 313 and 196964327?
313
What is the highest common factor of 1314400 and 2000?
400
What is the greatest common divisor of 223710291 and 1395?
279
Calculate the greatest common divisor of 1620 and 3638520.
1620
What is the highest common factor of 42 and 370113?
3
Calculate the highest common factor of 1445 and 447345412.
289
Calculate the highest common factor of 3664000 and 6304.
32
What is the greatest common factor of 595075 and 1675?
25
Calculate the highest common factor of 212037 and 146187.
1317
Calculate the greatest common divisor of 11544 and 6696408.
888
Calculate the greatest common factor of 91707 and 5103.
21
What is the greatest common factor of 35442 and 59247?
9
Calculate the highest common divisor of 194971 and 23371089.
8477
What is the highest common factor of 8815 and 157042235?
215
What is the highest common divisor of 2478096 and 28764?
36
Calculate the greatest common divisor of 442249 and 260119.
467
What is the greatest common factor of 4568 and 222536?
8
What is the greatest common factor of 1604720 and 6680?
40
Calculate the greatest common divisor of 3048 and 31980.
12
Calculate the highest common factor of 24468514 and 7.
7
What is the greatest common factor of 2392 and 250830502?
598
Calculate the highest common divisor of 79072 and 26432.
224
What is the highest common factor of 836 and 407756074?
418
What is the highest common divisor of 7293 and 432861?
429
What is the greatest common divisor of 50 and 73528270?
10
What is the highest common factor of 2568 and 4580670?
642
Calculate the highest common factor of 53795 and 45738735.
1855
Calculate the greatest common divisor of 47765 and 1319995.
205
Calculate the greatest common factor of 319 and 13657589.
11
Calculate the highest common factor of 11144 and 2401.
7
What is the highest common divisor of 61299 and 223929?
1251
What is the highest common divisor of 1192794 and 13814901?
9777
What is the highest common factor of 132154 and 75086?
22
What is the highest common divisor of 403382601 and 99?
9
Calculate the greatest common factor of 86 and 621909.
43
Calculate the highest common factor of 15002 and 63438842.
1154
What is the greatest common divisor of 3085536 and 336?
48
What is the highest common divisor of 61412 and 63466?
26
What is the greatest common factor of 960 and 9737040?
240
Calculate the highest common factor of 11360 and 191119220.
1420
Calculate the greatest common factor of 17751 and 380762.
61
Calculate the highest common factor of 168 and 38770704.
168
What is the highest common factor of 11151255 and 209595?
1335
Calculate the greatest common factor of 420936 and 840.
24
What is the greatest common divisor of 1435 and 207173?
41
Calculate the highest common factor of 16135964 and 263276.
3172
Calculate the highest common factor of 1867 and 224837209.
1867
Calculate the highest common factor of 34584771 and 4264.
533
What is the highest common factor of 10 and 6486565?
5
What is the greatest common factor of 65304 and 3231?
9
What is the highest common divisor of 16076135 and 765?
85
What is the highest common factor of 3724 and 8070307?
133
Calculate the highest common factor of 21 and 2124534.
3
Calculate the greatest common divisor of 8925 and 822815.
35
What is the greatest common divisor of 246 and 376257?
123
What is the greatest common factor of 1683419 and 2624?
41
What is the greatest common factor of 230 and 230810?
10
What is the greatest common factor of 140 and 125088145?
35
What is the highest common divisor of 155 and 59277766?
31
What is the highest common factor of 55740 and 540840?
60
What is the highest common factor of 357083193 and 831?
831
What is the greatest common factor of 1806 and 102991665?
903
What is the highest common divisor of 4661 and 34078400?
59
Calculate the highest common divisor of 3749139 and 2140155.
5157
Calculate the highest common factor of 38777 and 1564.
17
What is the greatest common divisor of 27127576 and 1296?
8
Calculate the highest common factor of 231 and 12782253.
33
Calculate the greatest common divisor of 273934 and 451298.
58
Calculate the highest common factor of 226 and 6261217.
113
What is the highest common divisor of 3380145 and 30?
15
Calculate the highest common divisor of 48230970 and 6.
6
What is the highest common divisor of 356281 and 1722637?
3673
What is the highest common divisor of 964 and 101595719?
241
Calculate the grea